{"id":665,"date":"2025-04-13T13:07:10","date_gmt":"2025-04-13T11:07:10","guid":{"rendered":"https:\/\/www.vynxten.de\/2025\/?page_id=665"},"modified":"2025-05-02T08:06:44","modified_gmt":"2025-05-02T06:06:44","slug":"grundversorgung","status":"publish","type":"page","link":"https:\/\/www.vynxten.de\/2025\/grundversorgung\/","title":{"rendered":"Grundversorgung"},"content":{"rendered":"\n<h2 class=\"wp-block-heading has-text-align-center\">und: wo gibt&#8217;s was?<\/h2>\n\n\n\n<h3 class=\"wp-block-heading\">Anreise, \u00dcbernachtung und Abreise<\/h3>\n\n\n\n<p>Anfahrt und Schlafpl\u00e4tze sind wie im letzten Jahr. Wer mit dem Camper kommt: Wir haben eine neue gro\u00dfe Wiese zur Verf\u00fcgung; es gibt keine Begrenzung der Campingplatze!<br><br>Montag ist Aufr\u00e4um- und Abreisetag. Wir freuen uns \u00fcber jede helfende Hand! Meldet euch gerne auch schon vorher an der Bar aka <em><a href=\"#Lageplan\">Kommandozentrale<\/a><\/em>. <br><br>Habt ihr noch kein Ticket? <a href=\"https:\/\/www.vynxten.de\/2025\/tickets\/\" data-type=\"page\" data-id=\"874\">Tickets<\/a>!<\/p>\n\n\n\n<h3 class=\"wp-block-heading\" id=\"Lageplan\">Was ist wo? <\/h3>\n\n\n\n<p>Wir sind dieses Jahr in fernen Galaxien unterwegs. Damit ihr euch nicht verfliegt, gibt&#8217;s einen Lageplan &#8211; auch auf den Getr\u00e4nke-Spendi-Karten, die ihr an der Bar aka <em>Kommandozentrale<\/em> bekommt.<\/p>\n\n\n\n<div id=\"block-306103-6927-40\" class=\"wp-block-gutenbee-image block-306103-6927-40\"><figure class=\"aligncenter\"><a href=\"https:\/\/www.vynxten.de\/2025\/wp-content\/uploads\/2025\/04\/Vynxten-2025-Lageplan-gross.png\" data-lightbox=\"gal[665]\"><img loading=\"lazy\" decoding=\"async\" width=\"1020\" height=\"707\" src=\"https:\/\/www.vynxten.de\/2025\/wp-content\/uploads\/2025\/04\/Vynxten-2025-Lageplan-gross.png\" alt=\"Lageplan Vynxten 2025\" class=\"wp-image-945\" srcset=\"https:\/\/www.vynxten.de\/2025\/wp-content\/uploads\/2025\/04\/Vynxten-2025-Lageplan-gross.png 1020w, https:\/\/www.vynxten.de\/2025\/wp-content\/uploads\/2025\/04\/Vynxten-2025-Lageplan-gross-300x208.png 300w, https:\/\/www.vynxten.de\/2025\/wp-content\/uploads\/2025\/04\/Vynxten-2025-Lageplan-gross-768x532.png 768w, https:\/\/www.vynxten.de\/2025\/wp-content\/uploads\/2025\/04\/Vynxten-2025-Lageplan-gross-690x478.png 690w\" sizes=\"auto, (max-width: 1020px) 100vw, 1020px\" \/><\/a><\/figure><\/div>\n\n\n\n<h3 class=\"wp-block-heading\"><br>Onboarding<\/h3>\n\n\n\n<p>An der Bar bekommt ihr euer B\u00e4ndchen oder die Tagestickets. Dort findet ihr auch immer jemanden vom Orga-Team, falls irgendetwas irgendwie passiert oder ihr Fragen habt. Fragen zu Fragen, Support, erste Hilfe etc auch unter&nbsp;<a href=\"https:\/\/www.vynxten.de\/2025\/support\/\" data-type=\"page\" data-id=\"687\">Support<\/a>!<\/p>\n\n\n\n<h3 class=\"wp-block-heading has-text-align-right\"><br>Essen und Trinken<\/h3>\n\n\n\n<div id=\"block-47cdb0-09a6-45\" class=\"wp-block-gutenbee-container block-47cdb0-09a6-45\"><div class=\"wp-block-gutenbee-container-inner\"><div class=\"wp-block-gutenbee-container-row wp-block-gutenbee-container-lg\">\n<div class=\"wp-block-gutenbee-column block-50c8c9-63ca-48\"><style>.wp-block-gutenbee-column.block-50c8c9-63ca-48 { flex-basis: 50%; }\n\n\n      @media (max-width: 991px) {\n        .wp-block-gutenbee-column.block-50c8c9-63ca-48 { flex-basis: 100%; }\n      }\n    \n\n      @media (max-width: 575px) {\n        .wp-block-gutenbee-column.block-50c8c9-63ca-48 { flex-basis: 100%; }\n      }<\/style><div class=\"wp-block-gutenbee-column-content\">\n<figure id=\"block-208247-aa8e-4b\" class=\"wp-block-gutenbee-image block-208247-aa8e-4b\"><img loading=\"lazy\" decoding=\"async\" width=\"350\" height=\"302\" src=\"https:\/\/www.vynxten.de\/2025\/wp-content\/uploads\/2025\/04\/BensonCoffee_Logo.png\" alt=\"Benson Coffee\" class=\"wp-image-666\" srcset=\"https:\/\/www.vynxten.de\/2025\/wp-content\/uploads\/2025\/04\/BensonCoffee_Logo.png 350w, https:\/\/www.vynxten.de\/2025\/wp-content\/uploads\/2025\/04\/BensonCoffee_Logo-300x259.png 300w\" sizes=\"auto, (max-width: 350px) 100vw, 350px\" \/><\/figure>\n<\/div><\/div>\n\n\n\n<div class=\"wp-block-gutenbee-column block-d7a5cb-302b-4d\"><style>.wp-block-gutenbee-column.block-d7a5cb-302b-4d { flex-basis: 50%; }\n\n\n      @media (max-width: 991px) {\n        .wp-block-gutenbee-column.block-d7a5cb-302b-4d { flex-basis: 100%; }\n      }\n    \n\n      @media (max-width: 575px) {\n        .wp-block-gutenbee-column.block-d7a5cb-302b-4d { flex-basis: 100%; }\n      }<\/style><div class=\"wp-block-gutenbee-column-content\">\n<p id=\"block-0f9965-43f0-4a\" class=\"wp-block-gutenbee-paragraph block-0f9965-43f0-4a\">Es gibt verschiedenste Leckerlis wie&nbsp;<strong>Pommes, V\u00f6ner&nbsp;<\/strong>von PVC (Pumpwerk V\u00f6ner Crew aus Leipzig\/Berlin) und<strong>&nbsp;Waffeln<\/strong>. <\/p>\n\n\n\n<p id=\"block-afd092-7523-4d\" class=\"wp-block-gutenbee-paragraph block-afd092-7523-4d\">Neu in 2025: Wir haben einen <strong>exzellenten Weinstand<\/strong> und <strong>besten Kaffee<\/strong> von <a href=\"https:\/\/benson.coffee\/\">benson.coffee<\/a>! <\/p>\n\n\n\n<p id=\"block-1f4f0d-4196-45\" class=\"wp-block-gutenbee-paragraph block-1f4f0d-4196-45\">Die&nbsp;<strong>Bar<\/strong>&nbsp;versteht sich als obligatorisch. Also Kinder: Sauft gern viel an der Bar (damit decken wir unsere Festivalkosten)!<\/p>\n\n\n\n<p id=\"block-afbdf5-7665-4f\" class=\"wp-block-gutenbee-paragraph block-afbdf5-7665-4f\">Es gibt ausserdem einen Wasserhahn und ihr k\u00f6nnt&nbsp;<strong>Trinkwasser<\/strong>&nbsp;direkt zapfen! Es ist frisch und lecker!<\/p>\n<\/div><\/div>\n<\/div><\/div><div class=\"wp-block-gutenbee-container-background\" data-parallax-speed=\"0.3\"><\/div><\/div>\n\n\n\n<h3 class=\"wp-block-heading\"><br>Eindr\u00fccke festhalten!<\/h3>\n\n\n\n<div id=\"block-fef52d-5efd-4f\" class=\"wp-block-gutenbee-container block-fef52d-5efd-4f\"><div class=\"wp-block-gutenbee-container-inner\"><div class=\"wp-block-gutenbee-container-row wp-block-gutenbee-container-lg\">\n<div class=\"wp-block-gutenbee-column block-0b7b4b-ff5c-4d\"><style>.wp-block-gutenbee-column.block-0b7b4b-ff5c-4d { flex-basis: 50%; }\n\n\n      @media (max-width: 991px) {\n        .wp-block-gutenbee-column.block-0b7b4b-ff5c-4d { flex-basis: 100%; }\n      }\n    \n\n      @media (max-width: 575px) {\n        .wp-block-gutenbee-column.block-0b7b4b-ff5c-4d { flex-basis: 100%; }\n      }<\/style><div class=\"wp-block-gutenbee-column-content\">\n<p id=\"block-fff3b2-3319-40\" class=\"wp-block-gutenbee-paragraph block-fff3b2-3319-40\">Hast du ein paar Schnappsch\u00fcsse auf dem Festival gemacht, die du mit allen teilen willst? Beim&nbsp;<a href=\"https:\/\/swindi.de\/8JEHES3GYXWD4GQ\">VynXten-Swindi-Album<\/a>&nbsp;gehts, kostenlos und ganz ohne Anmeldung oder Registrierung.&nbsp;<a href=\"https:\/\/swindi.de\/8JEHES3GYXWD4GQ\">Direkt loslegen!<\/a><\/p>\n<\/div><\/div>\n\n\n\n<div class=\"wp-block-gutenbee-column block-3942cb-d257-4d\"><style>.wp-block-gutenbee-column.block-3942cb-d257-4d { flex-basis: 50%; }\n\n\n      @media (max-width: 991px) {\n        .wp-block-gutenbee-column.block-3942cb-d257-4d { flex-basis: 100%; }\n      }\n    \n\n      @media (max-width: 575px) {\n        .wp-block-gutenbee-column.block-3942cb-d257-4d { flex-basis: 100%; }\n      }<\/style><div class=\"wp-block-gutenbee-column-content\">\n<figure id=\"block-09bedb-1242-40\" class=\"wp-block-gutenbee-image block-09bedb-1242-40\"><a href=\"https:\/\/swindi.de\/8JEHES3GYXWD4GQ\"><img loading=\"lazy\" decoding=\"async\" width=\"600\" height=\"117\" src=\"https:\/\/www.vynxten.de\/2025\/wp-content\/uploads\/2025\/04\/Swindi-Logo_klein.png\" alt=\"Swindi\" class=\"wp-image-667\" srcset=\"https:\/\/www.vynxten.de\/2025\/wp-content\/uploads\/2025\/04\/Swindi-Logo_klein.png 600w, https:\/\/www.vynxten.de\/2025\/wp-content\/uploads\/2025\/04\/Swindi-Logo_klein-300x59.png 300w\" sizes=\"auto, (max-width: 600px) 100vw, 600px\" \/><\/a><\/figure>\n<\/div><\/div>\n<\/div><\/div><div class=\"wp-block-gutenbee-container-background\" data-parallax-speed=\"0.3\"><\/div><\/div>\n\n\n\n<div class=\"wp-block-gutenbee-spacer block-268f1e-fe72-48\" aria-hidden=\"true\"><style>.wp-block-gutenbee-spacer.block-268f1e-fe72-48 { height: 30px; }<\/style><div class=\"wp-block-gutenbee-spacer-background\" data-parallax-speed=\"0.3\"><\/div><\/div>\n\n\n\n<div id=\"block-44f298-8b39-49\" class=\"wp-block-gutenbee-justified-gallery block-44f298-8b39-49 wp-block-gutenbee-gallery-justified is-style-ignition-beat-border-image\" data-gallery-type=\"justified\" data-row-height=\"120\" data-margins=\"1\" data-last-row=\"justify\" data-randomize=\"false\"><div class=\"wp-block-gutenbee-gallery-content\"><div class=\"wp-block-gutenbee-gallery-item\"><a class=\"wp-block-gutenbee-gallery-item-link\" href=\"https:\/\/www.vynxten.de\/2025\/wp-content\/uploads\/2025\/04\/PVC.jpeg\" data-lightbox=\"gal[665]\"><img decoding=\"async\" src=\"https:\/\/www.vynxten.de\/2025\/wp-content\/uploads\/2025\/04\/PVC.jpeg\" alt=\"\" data-id=\"668\" data-link=\"https:\/\/www.vynxten.de\/2025\/grundversorgung\/pvc\/\" data-source-url=\"https:\/\/www.vynxten.de\/2025\/wp-content\/uploads\/2025\/04\/PVC.jpeg\" class=\"wp-block-gutenbee-gallery-item-image\"\/><\/a><\/div><div class=\"wp-block-gutenbee-gallery-item\"><a class=\"wp-block-gutenbee-gallery-item-link\" href=\"https:\/\/www.vynxten.de\/2025\/wp-content\/uploads\/2025\/04\/vynxten-2023-10.jpg\" data-lightbox=\"gal[665]\"><img decoding=\"async\" src=\"https:\/\/www.vynxten.de\/2025\/wp-content\/uploads\/2025\/04\/vynxten-2023-10.jpg\" alt=\"\" data-id=\"669\" data-link=\"https:\/\/www.vynxten.de\/2025\/grundversorgung\/vynxten-2023-10\/\" data-source-url=\"https:\/\/www.vynxten.de\/2025\/wp-content\/uploads\/2025\/04\/vynxten-2023-10.jpg\" class=\"wp-block-gutenbee-gallery-item-image\"\/><\/a><\/div><div class=\"wp-block-gutenbee-gallery-item\"><a class=\"wp-block-gutenbee-gallery-item-link\" href=\"https:\/\/www.vynxten.de\/2025\/wp-content\/uploads\/2025\/04\/vynxten-2023-29.jpg\" data-lightbox=\"gal[665]\"><img decoding=\"async\" src=\"https:\/\/www.vynxten.de\/2025\/wp-content\/uploads\/2025\/04\/vynxten-2023-29.jpg\" alt=\"\" data-id=\"671\" data-link=\"https:\/\/www.vynxten.de\/2025\/grundversorgung\/vynxten-2023-29\/\" data-source-url=\"https:\/\/www.vynxten.de\/2025\/wp-content\/uploads\/2025\/04\/vynxten-2023-29.jpg\" class=\"wp-block-gutenbee-gallery-item-image\"\/><\/a><\/div><div class=\"wp-block-gutenbee-gallery-item\"><a class=\"wp-block-gutenbee-gallery-item-link\" href=\"https:\/\/www.vynxten.de\/2025\/wp-content\/uploads\/2025\/04\/vynxten-2023-42.jpg\" data-lightbox=\"gal[665]\"><img decoding=\"async\" src=\"https:\/\/www.vynxten.de\/2025\/wp-content\/uploads\/2025\/04\/vynxten-2023-42.jpg\" alt=\"\" data-id=\"672\" data-link=\"https:\/\/www.vynxten.de\/2025\/grundversorgung\/vynxten-2023-42\/\" data-source-url=\"https:\/\/www.vynxten.de\/2025\/wp-content\/uploads\/2025\/04\/vynxten-2023-42.jpg\" class=\"wp-block-gutenbee-gallery-item-image\"\/><\/a><\/div><div class=\"wp-block-gutenbee-gallery-item\"><a class=\"wp-block-gutenbee-gallery-item-link\" href=\"https:\/\/www.vynxten.de\/2025\/wp-content\/uploads\/2025\/04\/vynxten-2023-18-scaled-1.jpg\" data-lightbox=\"gal[665]\"><img decoding=\"async\" src=\"https:\/\/www.vynxten.de\/2025\/wp-content\/uploads\/2025\/04\/vynxten-2023-18-scaled-1.jpg\" alt=\"\" data-id=\"670\" data-link=\"https:\/\/www.vynxten.de\/2025\/grundversorgung\/vynxten-2023-18-scaled\/\" data-source-url=\"https:\/\/www.vynxten.de\/2025\/wp-content\/uploads\/2025\/04\/vynxten-2023-18-scaled-1.jpg\" class=\"wp-block-gutenbee-gallery-item-image\"\/><\/a><\/div><\/div><\/div>\n","protected":false},"excerpt":{"rendered":"<p>und: wo gibt&#8217;s was? Anreise, \u00dcbernachtung und Abreise Anfahrt und Schlafpl\u00e4tze sind wie im letzten Jahr. Wer mit dem Camper kommt: Wir haben eine neue gro\u00dfe Wiese zur Verf\u00fcgung; es gibt keine Begrenzung der Campingplatze! [&hellip;]<\/p>\n","protected":false},"author":1,"featured_media":0,"parent":0,"menu_order":0,"comment_status":"closed","ping_status":"closed","template":"templates\/template-fullwidth-boxed.php","meta":{"inline_featured_image":false,"footnotes":""},"class_list":["post-665","page","type-page","status-publish","hentry"],"_links":{"self":[{"href":"https:\/\/www.vynxten.de\/2025\/wp-json\/wp\/v2\/pages\/665","targetHints":{"allow":["GET"]}}],"collection":[{"href":"https:\/\/www.vynxten.de\/2025\/wp-json\/wp\/v2\/pages"}],"about":[{"href":"https:\/\/www.vynxten.de\/2025\/wp-json\/wp\/v2\/types\/page"}],"author":[{"embeddable":true,"href":"https:\/\/www.vynxten.de\/2025\/wp-json\/wp\/v2\/users\/1"}],"replies":[{"embeddable":true,"href":"https:\/\/www.vynxten.de\/2025\/wp-json\/wp\/v2\/comments?post=665"}],"version-history":[{"count":15,"href":"https:\/\/www.vynxten.de\/2025\/wp-json\/wp\/v2\/pages\/665\/revisions"}],"predecessor-version":[{"id":978,"href":"https:\/\/www.vynxten.de\/2025\/wp-json\/wp\/v2\/pages\/665\/revisions\/978"}],"wp:attachment":[{"href":"https:\/\/www.vynxten.de\/2025\/wp-json\/wp\/v2\/media?parent=665"}],"curies":[{"name":"wp","href":"https:\/\/api.w.org\/{rel}","templated":true}]}}